b?
46
In base 7, what is -355 + 13?
-342
In base 7, what is 0 - 42?
-42
In base 8, what is -5 + -3720?
-3725
In base 9, what is 5 + 213?
218
In base 6, what is 3144 + 15?
3203
In base 3, what is -202 - -200?
-2
In base 4, what is 110113 - 0?
110113
In base 7, what is 0 + 134?
134
In base 5, what is -10 - 44333?
-44343
In base 11, what is -1 - 73?
-74
In base 8, what is 645 - 1?
644
In base 15, what is 18a - -c?
197
In base 6, what is 1 + 10045?
10050
In base 5, what is -1243 + 2?
-1241
In base 7, what is 1 - -254?
255
In base 7, what is 4140 + 1?
4141
In base 6, what is -1133 + -1?
-1134
In base 3, what is -1 - 100002?
-100010
In base 5, what is 301 - -4?
310
In base 13, what is 2c + 174?
1a3
In base 5, what is 3 + -222?
-214
In base 14, what is -8 - 40?
-48
In base 14, what is 20 + 7?
27
In base 3, what is 1 + 21?
22
In base 9, what is 5616 - -1?
5617
In base 8, what is 5 - -213?
220
In base 11, what is -6 + -60?
-66
In base 8, what is -12 + 75?
63
In base 4, what is -311112 - 3?
-311121
In base 4, what is -2 + -101112?
-101120
In base 15, what is 4a + 36?
81
In base 9, what is -8 - -32?
23
In base 8, what is 150 - -12?
162
In base 16, what is -b0 + 3e?
-72
In base 4, what is -12220 - 2?
-12222
In base 3, what is 12 - -10?
22
In base 9, what is 1685 + 1?
1686
In base 7, what is 32 - 1421?
-1356
In base 16, what is 173 + -a?
169
In base 15, what is -2d86 - 1?
-2d87
In base 5, what is 1040 + 3?
1043
In base 4, what is -122 + 13?
-103
In base 3, what is 211 - 10?
201
In base 10, what is -191 - -4?
-187
In base 13, what is -2 + 43?
41
In base 4, what is 21 - 122?
-101
In base 16, what is -360 - 14?
-374
In base 4, what is -2 + 3000?
2332
In base 10, what is -136 + -1?
-137
In base 14, what is 68 - 2?
66
In base 15, what is -c2 + 1?
-c1
In base 6, what is 2525 + -10?
2515
In base 12, what is -4 - -61?
59
In base 2, what is 11 - 101010?
-100111
In base 15, what is 4 - -23?
27
In base 7, what is -4 + 1555?
1551
In base 7, what is 403 + -3?
400
In base 12, what is -5 - 1a99?
-1aa2
In base 11, what is 0 + -73?
-73
In base 15, what is -1 + 120?
11e
In base 6, what is -1024 + 3?
-1021
In base 5, what is 3 + -20113?
-20110
In base 11, what is 204 - -5?
209
In base 10, what is 276 - -1?
277
In base 7, what is 2 + -113?
-111
In base 5, what is 31 - -32?
113
In base 11, what is 7 + 5?
11
In base 8, what is 3 - 156?
-153
In base 6, what is 1452 + 4?
1500
In base 3, what is -111 - -11010?
10122
In base 16, what is 2f5 + -4?
2f1
In base 9, what is 28 + 17?
46
In base 9, what is -2640 - 4?
-2644
In base 7, what is 4612 + 5?
4620
In base 14, what is 1c1 + 1a?
1db
In base 5, what is 21 + -13123?
-13102
In base 4, what is 3200 + 1022?
10222
In base 5, what is -10 + 21144?
21134
In base 15, what is 14e + -7?
147
In base 9, what is -814 + 2?
-812
In base 5, what is -1012 - -2?
-1010
In base 10, what is -633 + 5?
-628
In base 2, what is 1 + -11101001111?
-11101001110
In base 8, what is 4073 - 1?
4072
In base 8, what is 2 + 207?
211
In base 2, what is 10 - -10?
100
In base 16, what is -c6 - 1?
-c7
In base 4, what is 2 - -12?
20
In base 7, what is -5 - -243?
235
In base 13, what is a8 - -c5?
1a0
In base 4, what is -132 - 220?
-1012
In base 16, what is -5 + -3a6?
-3ab
In base 7, what is -12050 - 0?
-12050
In base 7, what is -4 - -31103?
31066
In base 12, what is 51 + -5?
48
In base 10, what is 4112 - 3?
4109
In base 3, what is -2121 - 12?
-2210
In base 5, what is -3 - 123?
-131
In base 12, what is -86 + 1?
-85
In base 7, what is -34 + 64?
30
In base 13, what is 0 + a?
a
In base 15, what is -68 + -1c?
-85
In base 4, what is -3033 - -122?
-2311
In base 13, what is 0 - 144?
-144
In base 9, what is 280 + -2?
277
In base 15, what is -59 - -9?
-50
In base 12, what is 23 - -1?
24
In base 13, what is -4 + 432?
42b
In base 12, what is 2550 - 2?
254a
In base 4, what is -230 + -22?
-312
In base 2, what is 1110111001 - -100?
1110111101
In base 15, what is -33 + -4?
-37
In base 16, what is -4a9 - -1?
-4a8
In base 12, what is 4 - 140?
-138
In base 13, what is 2 - -6?
8
In base 13, what is -c3 - 1?
-c4
In base 4, what is -131 + -1?
-132
In base 16, what is -2 + -b?
-d
In base 10, what is -188 - -4?
-184
In base 6, what is -21 - 51?
-112
In base 16, what is -1 + ad1?
ad0
In base 8, what is 7 + 20?
27
In base 14, what is 1d - 1?
1c
In base 11, what is 1 + 47?
48
In base 6, what is 122 + 40?
202
In base 4, what is -11 + 2231?
2220
In base 13, what is 5 + 41?
46
In base 13, what is 45 - -75?
ba
In base 12, what is -4 - 5?
-9
In base 5, what is -1323444 - 1?
-1324000
In base 11, what is -18 + 29?
11
In base 5, what is 34 - 33?
1
In base 3, what is -1011020 + -2?
-1011022
In base 15, what is bd + -2?
bb
In base 7, what is 1 - 21?
-20
In base 13, what is -c1 + 31?
-90
In base 16, what is 17 + 0?
17
In base 2, what is 11 + -1101101?
-1101010
In base 9, what is -2702 + -3?
-2705
In base 9, what is -28 - -8?
-20
In base 2, what is -1001001 - -100?
-1000101
In base 9, what is 18042 - 0?
18042
In base 16, what is 0 - -594?
594
In base 7, what is -14 - -1005?
661
In base 4, what is 3311 - -2?
3313
In base 14, what is -1b + 24?
7
In base 3, what is 11 + 10001?
10012
In base 3, what is 11 + -12122?
-12111
In base 16, what is 34 - -18?
4c
In base 15, what is -1 - 14?
-15
In base 9, what is 8 - 202?
-183
In base 16, what is e1 - 0?
e1
In base 12, what is 244 - -6?
24a
In base 15, what is 6 + 2c?
33
In base 10, what is 621 + -10?
611
In base 7, what is -26 - -1?
-25
In base 3, what is -12 - 10200?
-10212
In base 12, what is -49 - 17?
-64
In base 5, what is -13 + -240?
-303
In base 12, what is 2 - -304?
306
In base 8, what is -3 - -2174?
2171
In base 8, what is 45 - 31?
14
In base 15, what is 9 - 305?
-2eb
In base 2, what is 10101001111001 - 101?
10101001110100
In base 11, what is 3247 + 1?
3248
In base 2, what is 11 + -100?
-1
In base 4, what is -11130 + 1131?
-3333
In base 9, what is 224 - -4?
228
In base 11, what is -101 + 4?
-a8
In base 10, what is -94 - 3?
-97
In base 10, what is 21 + 3?
24
In base 12, what is 186 + 9?
193
In base 7, what is 5 + 324?
332
In base 9, what is 1162 - -11?
1173
In base 2, what is 101 - 1?
100
In base 14, what is -76 + -4?
-7a
In base 3, what is -2202 - -10?
-2122
In base 12, what is 1a5 - 10?
195
In base 9, what is 473 + 3?
476
In base 16, what is -24 + 8e?
6a
In base 11, what is 5 + -97?
-92
In base 4, what is -10 + -3233?
-3303
In base 14, what is 2 - -1?
3
In base 3, what is -1 - -100001?
100000
In base 5, what is -10 + 31?
21
In base 4, what is 0 - -100?
100
In base 3, what is 1020 - 21?
222
In base 7, what is -6 - -22?
13
In base 2, what is 10000000000001 + 10?
10000000000011
In base 9, what is -5 + -247?
-253
In base 10, what is 8683 - 2?
8681
In base 16, what is 5 + a6?
ab
In base 9, what is 24 + 146?
171
In base 12, what is 5 + -4a?
-45
In base 7, what is 55 - 105?
-20
In base 13, what is 30 - 5?
28
In base 8, what is 0 + -67?
-67
In base 6, what is 5 - -102?
111
In base 4, what is -23 - 20?
-103
In base 3, what is -120012 - 0?
-120012
In base 4, what is -10022 + 0?
-10022
In base 11, what is -43 - 5?
-48
In base 6, what is 101 - -5?
110
In base 6, what is -151 + -4?
-155
In base 6, what is 0 + -1?
-1
In base 3, what is 22 + 2001?
2100
In base 10, what is -30 + 18?
-12
In base 7, what is -24 + 110?
53
In base 7, what is -5400 - -2?
-5365
In base 13, what is 5 + -1c7b?
-1c76
In base 13, what is 104 - 77?
5a
In base 16, what is 5 + -4a4?
-49f
In base 2, what is -11 + -1111111110?
-10000000001
In base 16, what is 26b - 1?
26a
In base 9, what is 3 + -11?
-7
In base 15, what is -b + 73?
67
In base 14, what is -18 - 6?
-20
In base 3, what is 120 + -102012?
-101122
In base 11, what is -778 - -8?
-770
In base 11, what is a - 4?
6
In base 8, what is 3 - -333?
336
In base 12, what is 20 + -5?
17
In base 15, what is -2 + 4c5?
4c3
In base 10, what is -11 - 447?
-458
In base 7, what is -4 - 151?
-155
In base 12, what is a + -23?
-15
In base 14, what is -452 - -c?
-444
In base 6, what is -431 - -20?
-411
In base 5, what is -423201 + 4?
-423142
In base 11, what is 21 - -10?
31
In base 11, what is 13 - 210?
-1a8
In base 13, what is c + 2c9?
308
In base 6, what is -4 - 150?
-154
In base 7, what is -3354 + 5?
-3346
In base 11, what is 7 + 753?
75a
In base 14, what is -2 - 19